common factor of u and 20?
5
Let v be 104/12*108/18. What is the greatest common factor of 988 and v?
52
Suppose -5*l = -181 - 264. Let b = -66 + l. What is the highest common factor of b and 253?
23
Suppose 86 = 2*n - 0*n. Let h = n + -25. Suppose 3*w = j - 3*j + 388, -3*w = j - 383. What is the greatest common divisor of h and w?
18
Let y be (1/(-4))/((-2)/56). What is the greatest common divisor of y and 14?
7
Let l = 41 - 41. Suppose 4*f + 8 = l, 2*f - 4*f - 37 = -3*n. What is the greatest common divisor of n and 99?
11
Let p be 4 + -3 + 3 - 2. Suppose 3*g - 8 = p*v, -4*g - 2*v + 9 = -3*v. Suppose -g*l + 4 = -w, -4 + 5 = l - w. What is the highest common factor of l and 24?
3
Suppose -16 = -2*k - 5*n, 3*n = -3*k + 5*n + 5. Let y = 2 - k. Let a be (-8)/2*(y + -5). What is the highest common factor of 96 and a?
24
Let x(o) = 13*o**2 - 7*o - 16. Let s be x(-2). Calculate the greatest common divisor of s and 40.
10
Suppose 2*c - 1126 = -3*d + 6*c, 0 = 3*d + 4*c - 1142. Let l = -202 + d. Calculate the highest common divisor of 11 and l.
11
Let j = -147 - -407. Calculate the highest common divisor of j and 104.
52
Suppose 0 = -4*l - 3*h + 403, 2*l - 15*h + 16*h - 201 = 0. What is the greatest common factor of 95 and l?
5
Suppose 53 - 418 = -5*g. Let n = -48 + g. What is the highest common divisor of n and 15?
5
Suppose 32 = -4*h + 8*h. Suppose -2*t + 0*t = -h. Suppose 0 = -t*s - 3 + 27. What is the greatest common factor of s and 24?
6
Let o(t) = 2*t**2 - 14*t - 4. Suppose 0 = 56*v - 55*v - 11. Let s be o(v). Calculate the highest common divisor of s and 56.
28
Suppose 0 = -15*k + 7*k + 368. Let t = -12 + k. What is the greatest common factor of 34 and t?
34
Suppose 6*k = 99 + 1245. What is the highest common factor of 16 and k?
16
Suppose 5*v = -21*v + 1820. Calculate the greatest common divisor of 245 and v.
35
Let a(d) = -d**3 + 2*d**2 - d + 8. Let k be a(0). Calculate the greatest common factor of k and 6.
2
Let k = 233 - 723. Let l be (k/(-7))/((-1)/(-2)). Let q(h) = -10*h. Let a be q(-2). Calculate the highest common divisor of a and l.
20
Let w = -132 + 146. Suppose -u + w = 10. What is the highest common divisor of u and 5?
1
Let m be (-13)/4*12/3. Let o(v) = 2*v + 44. Let y be o(m). Let k = 113 + 85. What is the greatest common factor of y and k?
18
Let n(x) = x**2 - 7. Let p be n(5). Let q = -1 - -3. Suppose 3*b + 579 = u + q*u, -2*u - b = -401. What is the highest common factor of p and u?
18
Suppose -y - 3*y - 5*c = -25, y = 2*c - 10. Suppose -n = -0 - 2. Suppose y = -n*i + 13 - 11. Calculate the highest common factor of 7 and i.
1
Suppose 37*i - 30*i - 329 = 0. Calculate the highest common divisor of 376 and i.
47
Let p(r) = -2*r + 4. Let z be p(-4). Suppose -18*s + 384 = -14*s. Calculate the highest common divisor of z and s.
12
Let l(y) = 18*y**3. Let s be l(1). Let h = s - 7. Suppose 5*d - h = -6. Calculate the greatest common factor of d and 11.
1
Suppose 5*k = 7 + 18. Calculate the highest common factor of 5 and k.
5
Let h(l) = -l**2 - 45*l - 448. Let x be h(-17). What is the highest common divisor of 1358 and x?
14
Suppose -2*u = -0 - 14. Suppose 0 = -2*y + 5*m - 8, -4*y - 5*m + 8 + 6 = 0. Calculate the highest common factor of y and u.
1
Suppose 0*g + 2*g - 12 = 4*q, 0 = -2*g - 5*q + 39. Calculate the highest common factor of g and 372.
12
Suppose -q - 5*j = -350, -q + 103 = 3*j - 253. What is the greatest common divisor of q and 73?
73
Suppose 3*j = 3*m + 4*j - 15, 2*m + 5*j = 10. Suppose -4*k = 5*a - 2*k - 760, -a + m*k = -179. What is the greatest common divisor of 14 and a?
14
Let l be 2/(185/175 - 1). Calculate the highest common factor of l and 7.
7
Suppose u = 3*q - 387, 0*q - 2*u = 3*q - 396. Let c = 186 - 195. Let d be (-3)/c + -2*231/(-18). Calculate the greatest common factor of q and d.
26
Suppose -5*d - l = 2*l - 131, 0 = -4*d - 3*l + 103. What is the greatest common factor of 182 and d?
14
Suppose -5*n - 4 = 6. Let b be -1*2*193/n. Suppose 0 = 3*v + a - b, 30 = v - 3*a - 51. Calculate the highest common divisor of 22 and v.
22
Let x be 54*(-6 + 115/15). Calculate the greatest common divisor of x and 210.
30
Let w be (-13232)/(-18) - (-16 - 2320/(-144)). Calculate the greatest common divisor of w and 35.
35
Suppose -2*y + 3 = -y. Let a be ((-4)/y)/((-32)/432). What is the greatest common divisor of a and 2?
2
Let g = 42 - 9. Let a = g + -8. Calculate the highest common divisor of 75 and a.
25
Let j(z) = z - 8. Let n be j(10). Suppose n*p = 5*l + 71, -p = -l + 4*l - 8. Calculate the greatest common divisor of 207 and p.
23
Let k be (1 + 0)/((-3)/87). Let o(t) = -49*t**2 - 2*t. Let d be o(1). Let m = k - d. What is the highest common divisor of 66 and m?
22
Let m be (-33)/(-6) - 9/18. Calculate the highest common divisor of m and 10.
5
Let j(l) = l**3 - 30*l**2 - 27*l - 25. Let t be j(31). Suppose -3*f - 3*d = -t, 4*f + d + d = 128. What is the greatest common factor of 155 and f?
31
Let f = 35 + -16. Let y(a) = -a**2 + 18*a + 23. Let t be y(f). Let m be -63*t/12*-1. Calculate the highest common factor of m and 105.
21
Let h = -256 - -273. What is the greatest common factor of h and 119?
17
Let u = -256 + 270. Calculate the greatest common factor of 119 and u.
7
Let l = 483 + -458. Calculate the highest common divisor of l and 4.
1
Let m(i) = 45*i - 5. Let t be m(3). Let d be (-255 + 1)*(-5)/10. Suppose -5*p + 133 + d = 0. Calculate the greatest common divisor of t and p.
26
Suppose -j - 38 + 60 = 0. Suppose -5*o + 2 = 2*y - 2, 4*o = 5*y - 10. Calculate the highest common factor of y and j.
2
Let r be 18/(-9) + 65*(-4 + 6). Calculate the greatest common factor of r and 48.
16
Suppose 25*i - 50*i + 25 = 0. Calculate the highest common divisor of i and 271.
1
Let t(j) = j**2 + 16*j + 8. Let g be t(-16). Suppose 0 = g*m + 10 - 362. What is the highest common factor of 66 and m?
22
Let h be (14 - 16) + -1 + 8. Let c(m) = -m**3 + 11*m**2 + 11*m - 23. Let x be c(h). Calculate the greatest common factor of 26 and x.
26
Suppose -2*u - 4*h + 19 = -1, 0 = 3*u - 3*h + 6. Suppose 4*a = -u*y + 180, 7*a - 6*a + 81 = y. Calculate the greatest common divisor of y and 6.
6
Let s be 1/(-2)*-2 + 6. Suppose 0*i = -5*i - 2*d + 379, d = 5*i - 388. Let a be 2681/i + (-4)/(-22). What is the highest common divisor of s and a?
7
Let w(u) = u**3 + 10*u**2 + 10*u + 7. Let m be w(-9). Let k = m + 8. What is the greatest common factor of 6 and k?
6
Let r be 341/10 - (-6)/60*-1. What is the highest common divisor of r and 85?
17
Suppose -235 + 15 = -11*s. Calculate the highest common divisor of s and 12.
4
Let t(u) = 5*u + 230. Let p be t(-43). Let x = -188 - -353. Calculate the highest common divisor of p and x.
15
Let v(n) = 4*n**2 - 19*n - 62. Let c be v(12). Calculate the highest common divisor of c and 13.
13
Let r(j) be the second derivative of -5*j - 1/12*j**4 + 7/2*j**2 - 7/6*j**3 + 0. Let n be r(-6). What is the greatest common divisor of n and 26?
13
Let t(l) = -88*l - 6. Suppose -27*n + 32*n + 10 = 0. Let k be t(n). Calculate the greatest common divisor of 34 and k.
34
Let z(k) = k**2 + 6*k + 13. Suppose 0 = 3*h + 14 + 13. Let r be z(h). Suppose -38*t + 20 = -34*t. What is the greatest common factor of r and t?
5
Let d = 2902 - 1977. Let v = -887 + 892. Suppose -v*o + 935 = 5*c, -6*o + d = -o + 3*c. Calculate the highest common factor of o and 26.
26
Let l(a) = -2*a + 9. Suppose -1 = o - 4*h, -3*o + 4*h = -0*o - 5. Let w be l(o). Calculate the highest common factor of w and 2.
1
Let r = 580 + -454. Let t(y) = -y**2 - 6*y - 3. Let p be t(-5). Suppose -p*a - 4*d = -7*d - 27, -d = -3. Calculate the highest common divisor of a and r.
18
Let i be (-7)/((-14)/20)*(24 - 22). What is the highest common factor of 40 and i?
20
Let t = 1426 + -674. What is the highest common factor of 16 and t?
16
Let q = 40 + -30. Suppose -2*a = 1 - 5. Suppose 19 = 5*b - a*p - p, 0 = 4*b - 5*p - q. What is the highest common factor of b and 5?
5
Suppose 109*m - 104*m - 1190 = 0. Calculate the greatest common divisor of 34 and m.
34
Let n(a) = a**2 + 3*a + 5. Let h be n(-13). Let c be (-10)/(-45) - ((-284)/18 - -1). What is the highest common factor of h and c?
15
Let z be (88*4/8)/((-1)/(-4)). Calculate the highest common divisor of z and 11.
11
Let d be 7